**3 + 3*v**2 - 4*v. Calculate m(c).
-12
Let r(a) = 2*a + 1. Let x(i) = i**3 - 3*i + 0*i**3 + 1 + 0 - 2*i**2 + 2. Let g be x(2). Determine r(g).
-5
Let y = -9 - -14. Let w(z) = -8*z + 4. Let c(k) = -k**2 - 24*k + 11. Let a(u) = 2*c(u) - 7*w(u). Calculate a(y).
-16
Let r(k) = k + 5. Suppose 5*c + 12 = -2*n, -c - 4*n - 8 = c. Suppose 2*g + 5*w = -1 + 7, -2*w + 8 = -2*g. Let z = c - g. Calculate r(z).
5
Let l(k) = -k**2 + 6*k + 1. Suppose 4*d - 10 = 2. Calculate l(d).
10
Suppose 5*a - 4*y - 14 = 0, -2*y - 11 = -4*a - 1. Let q(z) = 0*z**2 + a*z**3 + 3 - 3*z**3 - 1 - z**2. Calculate q(0).
2
Let h(f) be the third derivative of f**4/24 - 2*f**3/3 + 37*f**2. What is h(7)?
3
Let n = 7 - 4. Let a(r) = 3*r - 2. Give a(n).
7
Let h(d) be the first derivative of d**7/840 - d**6/120 - d**5/40 - d**4/8 - 2*d**3 + 1. Let u(y) be the third derivative of h(y). Determine u(4).
1
Suppose 3*x - 18 = -0*x. Let j(n) = -n**3 + 6*n**2 + n - 8. Give j(x).
-2
Suppose -35 = -5*r - 5*v, -2*r - 3*v + 17 = 2. Let j(z) be the third derivative of z**2 + 0*z - 1/3*z**3 + 0 + 1/10*z**5 + 1/24*z**4 - 1/120*z**6. Give j(r).
4
Suppose 0 = 2*y - 11*y + 9. Let v(a) = 19*a**2 - 1. Determine v(y).
18
Suppose -8 + 3 = 4*l - s, -5 = -4*l - s. Let z = l + 2. Suppose 2*y = -0 - z. Let f(i) = -5*i**2 - 1. Calculate f(y).
-6
Let b(f) = -f**2 + 2*f**2 + 2*f**3 + 0*f**3 - f - f**3 + 6. Calculate b(0).
6
Let u(x) = -2*x**3 + 4*x**2 - x + 4. Let z = 3 - 0. What is u(z)?
-17
Let k = -8 - -6. Let i = k - -4. Let z(p) = 6 + 5*p - i - p - p**2. Determine z(5).
-1
Let j(y) = -y**2 - 6*y - 2. Let f be j(-5). Let r(b) be the first derivative of -2*b**3/3 + 3*b**2/2 - 2*b - 1. Determine r(f).
-11
Let d(v) = -v + 4. Suppose -2*u + l = -5*u + 13, -3*l = 6. Suppose u*b = -24 - 1. Calculate d(b).
9
Suppose 0 = -2*l + m + 9, -2*m - 11 = l - 3. Let w(v) be the second derivative of 1/5*v**5 + v + 0*v**l + 0*v**4 + 0 + 1/6*v**3. Give w(1).
5
Let a(n) = n**2 - 3*n - 2. Suppose -3*q + p - 15 = -45, -2*q = 2*p - 20. Let s be ((-12)/q)/(6/(-20)). Calculate a(s).
2
Let f(a) = a**3 - 3*a**2 - 2*a - 1. Suppose 4 = 3*z + 2*q + 2*q, 5*z - 22 = q. Determine f(z).
7
Let m(d) = d**3 + 5*d**2 - 5*d - 7. Suppose -8*n - 22 - 18 = 0. Determine m(n).
18
Let t(b) be the second derivative of -2*b**3 + b**2/2 - 40*b. Determine t(2).
-23
Let r(b) be the third derivative of b**4/24 + b**3/6 - 10*b**2. Determine r(6).
7
Suppose -u + i = -5, 3*u + 2*i - 2 = u. Suppose 2*a - 5*w = 25, 3*a - u*w - 30 = 2*w. Let b(t) = t**2 - 5*t - 3. What is b(a)?
-3
Let i(g) = g**3 + g**2 + g + 8. Let d(r) = 2*r**3 + r**2 + 2*r + 15. Let j(b) = 6*d(b) - 11*i(b). Calculate j(4).
-10
Let o(v) = -v - 7. Let h(n) = 3*n + 4. Let f be h(-4). Calculate o(f).
1
Let x(t) = 1. Let c(p) be the third derivative of -p**4/24 + 5*p**3/2 - 4*p**2. Let a(j) = c(j) - 6*x(j). Suppose -f - 2*f = 0. Give a(f).
9
Let d(k) be the third derivative of k**4/12 + k**2. Suppose 2*t + 0*t - 16 = -3*v, 3*t = -4*v + 22. Suppose 0*n + n = 3*j - 1, 2 = -2*j + t*n. Calculate d(j).
2
Let p be 4/(-2) - 0 - -6. Suppose m = -4*y + 16, -m + 0*m - 24 = -p*y. Let t(q) = 6 - 2 + 4*q - q**2 - 1. Calculate t(y).
-2
Let w(g) = -g + 9. Suppose 4*a - 12 - 16 = 0. What is w(a)?
2
Let k = 0 + 2. Let r be ((k + -6)/2)/(-1). Let o(t) = 1 - t - 2*t + r*t. Give o(2).
-1
Suppose -x - x + 8 = 0. Let m(s) be the first derivative of -s**3/3 + 5*s**2/2 + 11. Give m(x).
4
Suppose 0 = -4*x + 3 + 1. Let q(c) be the first derivative of c**2 + x + 1/4*c**4 - c + 4/3*c**3. Calculate q(-2).
3
Suppose -3 = 4*r - 7. Let z(x) = -x**3 + 1. Let v(y) = y**3 - 5*y**2 + 4. Suppose -4*n - 6 = -7*n. Let u(m) = n*z(m) + r*v(m). Give u(-5).
6
Suppose 0 = 5*z - 20, -5*h + 3*h + 2*z - 16 = 0. Let c(g) = -3*g**2 - 5*g - 5. Let x(a) = 7*a**2 + 9*a + 10. Let r(q) = -5*c(q) - 2*x(q). Calculate r(h).
-7
Let h(o) = -o**3 + 4*o**2 - o + 1. Suppose r = -2*r + 18. Let a = 9 - r. Let z = a - -1. Calculate h(z).
-3
Suppose 3*l - 5*l = -4*o - 22, 4*o + 3*l = -7. Let n(k) = -2 + 4*k + 1 + k**2 + 0*k. Determine n(o).
-1
Let z(r) = -r**3 + 20*r**2 - 19*r + 1. Let m be z(19). Let q(o) = -7*o**2 + 1. Give q(m).
-6
Let i(a) = a**2 - 8*a - 12. Let y = 16 + -6. Let x be i(y). Suppose 7*v = 3*v + x. Let w(l) = -l - 1. Give w(v).
-3
Let n(a) = -a**2 + 13*a - 6. Let z be n(4). Suppose 0 = 3*m + 3*p - z, -2*m + 5 = -6*p + 3*p. Let h(r) = r - 6. What is h(m)?
1
Let r(f) = 1 - 3*f + 8*f - 2. Let t(w) = w - 2. Let k be t(2). Suppose k*v + 4 = 4*v. Calculate r(v).
4
Let u(s) = s**3 - 8*s**2 + 7*s + 6. Suppose 4*d = -i + 23, -3*d - i + 7 = -9. What is u(d)?
6
Let d(x) = -5*x**2 + 1. Let i(g) = g + 1. Let r be i(-1). Suppose 8 = -r*t + 2*t. Let u(j) = -j**2 + j. Let z(f) = t*u(f) - d(f). What is z(-3)?
-4
Let j = -4 + 6. Let w(x) = x - 2*x + 1 - j*x. Suppose 0 = -20*z + 16*z - 4. Calculate w(z).
4
Let f(j) = -8*j - 1. Let p be 18/(-9) - (2 + -5)/3. What is f(p)?
7
Let j(u) = -u**3 + 8*u**2 - 8. Let s(c) = c**2 + c - 4. Let w be s(3). Calculate j(w).
-8
Suppose -4*t + 0 + 12 = 0. Let q(f) = -f**2 + 3*f - 1. Let c be q(t). Let i(r) = 2*r**3 - r**2 + r + 1. Calculate i(c).
-3
Let c(u) = -u**2 - 2. Let i(f) = -2*f**2 - 4. Let l(w) = -7*c(w) + 4*i(w). What is l(3)?
-11
Let q(l) = 17*l**2 + l. Let i(v) = -8 + 8 + 33*v**2 + 2*v. Let b(z) = 4*i(z) - 7*q(z). Give b(-1).
12
Let n(c) = 2*c**2 - 3*c + 2. Let s = 135 - 133. Calculate n(s).
4
Let w(b) = -7*b**3 - 9*b**2 + 11*b + 5. Let o(n) = -4*n**3 - 5*n**2 + 6*n + 3. Let c(j) = -5*o(j) + 3*w(j). Let m = -6 - -3. What is c(m)?
0
Let d(b) = -1 - 2*b + 1 - 1. Suppose -5*q - 8 = -x, 2*q + 2 = -0*q. Give d(x).
-7
Let k = -57 + 56. Let n(g) = -17*g. Determine n(k).
17
Let j(a) = 2*a**2 - 3*a - 3. Suppose -3*c = 5*d + 30, 2*d = 6*d - 4*c + 24. Let k be (9/d)/(1/(-2)). Determine j(k).
6
Let g(c) be the first derivative of -c**2/2 - 2. Let u be g(5). Let i(m) = m**3 + 5*m**2 + m + 5. Determine i(u).
0
Let y = -9 + 12. Let d(b) = 1 - 3*b**3 - 2*b**y + 4 + 5*b**2 + b + 4*b**3. What is d(5)?
10
Suppose 0 = 5*n + 5*d + 5, -2*n + 5*d = d - 28. Let i(u) = u**3 - 5*u + u - n*u**2 - 2*u - u + 7. What is i(5)?
-3
Let o be 1/1 + (-11 - -9). Let h(l) = 8*l. What is h(o)?
-8
Let x(t) be the first derivative of -t**5/120 - t**4/12 - 4*t**3/3 - 5. Let m(w) be the third derivative of x(w). Determine m(-5).
3
Let v(w) = -2*w**2 + 2*w - 1. Let d be 4 + 3/3 + -2. Suppose -x - d*x + 4 = 0. Give v(x).
-1
Let u(i) be the first derivative of -2/3*i**3 + 0*i + 4 - 2*i**2. Determine u(-3).
-6
Let w(i) = -4*i + 1. Let s = 7 - 1. Suppose 0*y + 2*t = -2*y - s, -4*t = -5*y + 30. What is w(y)?
-7
Let v(c) = -2*c + 3. Suppose 0 = -5*u + 4*m + 47, -2*m + 12 = 3*u - 3. Calculate v(u).
-11
Let g(v) = v**3 + 6*v**2 + v + 5. Let z(r) = -r - 3. Let p be z(3). Calculate g(p).
-1
Suppose 0 = 6*y - 11 + 35. Let m(o) = -3. Let c(t) = -t - 2. Let h(l) = -2*c(l) + 3*m(l). What is h(y)?
-13
Let p(q) = 4*q**2 + 4*q**2 - 8 + q**3 - 1 - q. Let j be p(-8). Let k(b) = 2*b**2 + b + 1. Give k(j).
2
Let a(i) = 2*i**3 - 2*i**2 - 3*i - 4. Let r(k) = k**3 - 19*k**2 + 16*k + 39. Let l be r(18). Determine a(l).
23
Let v(w) = w - 5 - 3 + 0 + 2 - w**3 - 4*w**2. What is v(-5)?
14
Let l(u) = u**2 - 2. Let f be 0*(2 + 6/(-4)). Let i be l(f). Let c(h) be the first derivative of h**4/4 + 2*h - 3. Determine c(i).
-6
Let s(h) = 8*h - 1. Let o be s(-1). Let g be (10/(-15))/(2/o). Let a(k) = -2*k + 3. Give a(g).
-3
Let i(h) = -h + 5. Let z(k) = -1 - 4*k + 3 + 3*k**2 + 3 + k**3. Let y be z(-4). Give i(y).
0
Let u be (2/(-4))/((-5)/30). Let m(q) = u*q + 0*q + 26 + 2*q - 27. What is m(2)?
9
Suppose 27 = -5*w - v, -2*w + 5*v - 10 = 2*w. Let q be (-2)/w - (-108)/(-20). Let c(a) = a**2 + 4*a + 5. Give c(q).
10
Let n(r) = -r**3 + 8*r**2 + 2*r - 12. Let g be n(8). Let k(m) = -g - 4*m**2 + m**3 - 2*m - m**2 + 4*m. Determine k(5).
6
Let w(b) be the second derivative of b**3/6 + 3*b. Let t be (-12)/21 - (-60)/(-42). What is w(t)?
-2
Let a(p) = 2*p**3 + 2*p - 3 - 3*p**3 + 2. Suppose 0 = -g - f + 4, -3*g + 21 = f + 5. Suppose 5*m = 5*b + 25, g*m + 5*b + 7 = 2*m. What is a(m)?
-5
Let c(o) be the second derivative of o**5/20 + o**4/3 + o**3/6 - 2*o**2 + 20*o. Calculate c(-4).
-8
Suppose -5*a + a + 84 = 0. Let p = a + -13. Let s = p + -6. Let f(b) = b**2 - 3*b. Give f(s).
-2
Let z = 50 - 34. Let f(m) = -z*